ivisor of 5266 and 2598644616?
5266
What is the greatest common divisor of 17905848 and 248?
248
Calculate the highest common factor of 135800740 and 138.
46
What is the highest common factor of 16469530 and 4235?
385
Calculate the highest common factor of 398 and 134537731.
199
Calculate the greatest common factor of 11142 and 9063398.
1238
Calculate the greatest common divisor of 3710 and 3859142.
742
Calculate the greatest common divisor of 1878652726 and 74.
74
Calculate the highest common factor of 2953914 and 42.
6
What is the greatest common divisor of 15750 and 1046745?
315
Calculate the greatest common factor of 2187766 and 17878.
14
What is the greatest common factor of 80699 and 4694125?
799
What is the greatest common divisor of 18271112 and 8?
8
Calculate the highest common divisor of 50705838 and 1818.
1818
What is the highest common divisor of 21402 and 2837070?
522
What is the greatest common factor of 1181579 and 784?
7
What is the greatest common divisor of 9670815 and 1980?
495
Calculate the highest common factor of 147989748 and 23582.
1814
Calculate the greatest common factor of 8397642 and 1345.
269
What is the greatest common factor of 3547771 and 164?
41
What is the greatest common divisor of 7394368 and 24?
8
What is the highest common factor of 3221 and 126675488?
3221
Calculate the greatest common divisor of 300 and 45773500.
100
Calculate the highest common factor of 19791961 and 238.
119
What is the highest common divisor of 37376607 and 6572?
1643
Calculate the highest common factor of 44530306 and 8027.
349
Calculate the highest common divisor of 120019 and 1193251.
257
Calculate the greatest common divisor of 20169657 and 9.
9
Calculate the greatest common factor of 233401376 and 416.
416
What is the highest common divisor of 323709 and 24?
3
Calculate the greatest common factor of 101892 and 692.
4
Calculate the greatest common factor of 6 and 12170318.
2
What is the greatest common factor of 34236 and 26915836?
1268
What is the highest common factor of 11147 and 54156208?
157
Calculate the greatest common divisor of 219 and 191325.
3
Calculate the greatest common divisor of 1206 and 1533492.
18
Calculate the highest common factor of 5030331 and 55227.
123
What is the highest common divisor of 95414 and 18458?
22
Calculate the highest common divisor of 4443985 and 315.
35
Calculate the greatest common divisor of 785001686 and 21.
7
Calculate the greatest common factor of 1121202 and 450.
18
What is the greatest common factor of 5827124 and 201?
67
What is the greatest common factor of 3328516 and 24?
4
Calculate the greatest common divisor of 4652368 and 1904.
112
What is the greatest common factor of 138 and 929946?
6
Calculate the highest common divisor of 1078 and 31758419.
539
Calculate the greatest common factor of 5251290 and 22.
22
Calculate the highest common factor of 242230 and 9700.
10
Calculate the highest common divisor of 4 and 739215.
1
What is the highest common divisor of 37434 and 1755?
3
Calculate the highest common divisor of 147 and 23226833.
49
Calculate the highest common divisor of 4653783 and 18.
9
Calculate the highest common divisor of 1582762 and 37640.
1882
Calculate the highest common divisor of 67510746 and 837.
837
What is the greatest common divisor of 971194 and 266?
14
What is the greatest common factor of 974389 and 338?
13
What is the highest common factor of 343745670 and 3379?
3379
Calculate the highest common divisor of 82397 and 8344.
1043
Calculate the highest common divisor of 573 and 11099965.
191
Calculate the greatest common factor of 466328 and 2620184.
568
What is the greatest common divisor of 9234568 and 92858?
3202
Calculate the greatest common divisor of 11586705 and 585.
195
What is the highest common factor of 2132478 and 36?
18
Calculate the greatest common divisor of 447143 and 16882.
23
What is the highest common divisor of 104800 and 109247450?
6550
What is the highest common factor of 267 and 58678145?
89
What is the highest common divisor of 173814400 and 4800?
1600
Calculate the highest common divisor of 976 and 311893.
61
What is the highest common divisor of 6383 and 1025208?
491
Calculate the highest common factor of 14310 and 96272910.
4770
Calculate the greatest common factor of 168321860 and 343.
49
Calculate the greatest common divisor of 8780 and 71226872.
1756
Calculate the highest common factor of 18068 and 312068.
4
Calculate the greatest common factor of 28006 and 3454.
22
What is the greatest common divisor of 138554277 and 138?
69
Calculate the greatest common divisor of 14996 and 154556274.
7498
Calculate the highest common divisor of 13915 and 1985005.
605
What is the greatest common factor of 149319 and 3275487?
3177
What is the highest common factor of 950 and 775905850?
950
Calculate the greatest common factor of 5827248 and 1974.
1974
What is the greatest common divisor of 272 and 93511832?
136
What is the highest common divisor of 225 and 37779957?
9
What is the highest common factor of 92 and 55995547?
23
What is the highest common factor of 77 and 48043688?
77
What is the highest common divisor of 47920 and 2984?
8
Calculate the highest common factor of 17184474 and 528524.
3722
Calculate the greatest common factor of 476 and 11127928.
476
Calculate the greatest common divisor of 46614 and 35369058.
2742
What is the greatest common factor of 49809 and 3184?
1
Calculate the highest common factor of 24661 and 114478.
91
Calculate the greatest common divisor of 2514 and 692126826.
2514
Calculate the highest common divisor of 51039 and 720217.
5671
What is the greatest common factor of 67584 and 44574720?
6144
Calculate the greatest common divisor of 270560 and 4563920.
7120
What is the greatest common divisor of 22689326 and 1570?
314
Calculate the greatest common factor of 5777 and 222918.
53
Calculate the greatest common factor of 473 and 9037039.
11
What is the greatest common factor of 98540649 and 1935?
387
What is the highest common divisor of 2216 and 6113400?
8
Calculate the greatest common factor of 10513152 and 3972.
12
What is the greatest common factor of 57934136 and 520?
104
What is the highest common factor of 37008 and 189153?
9
What is the highest common divisor of 142046 and 28?
2
Calculate the greatest common divisor of 31177208 and 8.
8
Calculate the greatest common divisor of 2844 and 1316304.
36
What is the highest common divisor of 8225 and 130830375?
1175
Calculate the highest common factor of 226457723 and 58.
29
What is the greatest common factor of 7160 and 20666445?
895
Calculate the greatest common factor of 72 and 83937204.
36
What is the highest common divisor of 70960108 and 68?
68
Calculate the highest common factor of 15439 and 69.
1
What is the greatest common divisor of 82665 and 22769615?
9185
What is the greatest common divisor of 1253431 and 2139?
23
Calculate the highest common divisor of 1986734440 and 40.
40
What is the highest common factor of 11993907 and 145?
29
What is the greatest common divisor of 16381323 and 32508?
2709
What is the highest common divisor of 1566587 and 10272?
107
What is the highest common divisor of 522650505 and 13455?
4485
Calculate the highest common divisor of 23403 and 43413.
87
Calculate the highest common divisor of 799 and 1448521482.
799
What is the greatest common divisor of 1353056195 and 1070?
535
What is the greatest common divisor of 346529191 and 524?
131
What is the highest common factor of 2049 and 9320901?
2049
Calculate the greatest common factor of 15106 and 8068242.
182
What is the greatest common factor of 2650 and 632290?
530
What is the greatest common divisor of 191730279 and 39?
39
What is the highest common factor of 235879 and 75838903?
7609
What is the greatest common factor of 7933914 and 4?
2
Calculate the highest common divisor of 1764555 and 105.
15
What is the greatest common factor of 31015946 and 26078?
1534
What is the highest common factor of 6858999 and 567?
567
Calculate the greatest common factor of 1117314 and 370818.
486
Calculate the highest common factor of 10812 and 2948871.
51
Calculate the highest common divisor of 81311 and 1241.
17
Calculate the greatest common divisor of 153 and 58918209.
51
Calculate the high